Let v(r) = 3*r - x + r - 3*r + 3. Determine v(-2).
-1
Let k(y) = -3*y**3 + 11*y**2 - 18*y - 29. Let b(v) = 4*v**3 - 13*v**2 + 18*v + 31. Let u(g) = -4*b(g) - 5*k(g). Determine u(-6).
21
Let l(a) = 7*a**3 + 5390*a - 4 - 5385*a - 14*a**2 + 13*a**2 + 15*a**3 + 28*a**3. Calculate l(1).
50
Let y(x) = 3*x**2 + 387*x - 1192. Let u be y(-132). Let i(b) = -b**3 - 4*b**2 - 6*b - 16. Calculate i(u).
8
Let u(z) = -z**2 - 9*z + 63. Let x be 16*(-10)/20*7/4. Let y be u(x). Let p(r) = r**2 + 7*r + 6. Give p(y).
6
Suppose 0 = -2*f - 159*t + 164*t - 3, -5*t = -4*f - 11. Let n(x) = -x**2 - 75*x - 291. Give n(f).
-7
Let u(f) be the first derivative of -3/2*f**2 + f + 94. Let y(c) = -c**3 + c + 1. Let z be y(2). Determine u(z).
16
Let x(y) = -2*y**2 + y - 5. Let f be x(-6). Suppose 11498 = -27*g + 13550. Let d = f + g. Let h(z) = z + 14. Determine h(d).
7
Let k = 2792 + -2798. Let l(f) = f**3 + 5*f**2 - 2*f + 3. Calculate l(k).
-21
Let z(j) = -10 + 6 + 5 + 20*j**2. Suppose -5*g = 5*i - 4*g - 6, 3*i = 5*g - 2. What is z(i)?
21
Let s be (-3)/6*(-16 - -20). Let g(x) be the first derivative of -x - 4/3*x**3 - 1 - 3/2*x**2. Determine g(s).
-11
Let p(y) = 3*y**3 - 71*y**2 - 23*y - 16. Let u be -310 - -325 - 18/(-2). What is p(u)?
8
Let c(h) = 60*h**3 - 13*h**2 - 11*h + 74. Let p(d) = 29*d**3 - 6*d**2 - 5*d + 33. Let z(g) = -4*c(g) + 9*p(g). Determine z(-1).
-21
Suppose 3*k + 625 = 604. Let f(w) = -3*w**2 - 25*w - 5. Give f(k).
23
Let g(t) = 6*t**3 + 155*t**2 - 28*t - 56. Let h be g(-26). Let d(x) = -x**3 - 3*x**2 + 9*x + 14. Calculate d(h).
-6
Let o(x) be the second derivative of 3*x**5/5 + x**4/12 + x**3/3 + x**2/2 + 181*x. Suppose -34 = -2*m + 20. Let k be -1 + (-18)/m + (-2)/(-3). Determine o(k).
-12
Let c(t) = t**3 - 14*t**2 + 44*t - 34. Let m be c(10). Suppose -v - 21 = m*v. Let g(h) = -h**3 - 2*h**2 - h + 1. What is g(v)?
13
Let f = 2788 - 2783. Let j(a) = 6*a - 8. What is j(f)?
22
Let f(m) = 8*m**2 + 238*m - 238. Let q be f(1). Let l(g) = -2*g**2 + 13*g - 3. Determine l(q).
-27
Let i(l) be the second derivative of 5*l**3/6 + 15*l**2 - 174*l - 12. Give i(14).
100
Let r(y) = -5*y - 2. Let t be r(-1). Let m(c) = 75*c**3 - c - 3*c**2 - 4 - 74*c**t + 0*c**2. What is m(3)?
-7
Let w(t) be the third derivative of 7/60*t**5 - 1 + 0*t - 1/24*t**4 - 1/6*t**3 - t**2. Let k(u) = u - 8. Let c be k(7). Give w(c).
7
Let u(w) = 17*w - 1. Let c(p) = -p**3 - 21*p**2 - 21*p - 22. Let h be c(-20). What is u(h)?
-35
Let h(o) = 6*o**2 - 76*o + 164*o - 84*o - 11 + 3*o**2 + o**3. Let g = 161 + -169. What is h(g)?
21
Let t = 40687 + -40691. Let i(m) = -2*m**2 + 3*m - 5. Let g(c) = c**2 - c. Let v(b) = -3*g(b) - i(b). What is v(t)?
-11
Let y(u) = -u**2 + 9*u + 2. Let z = 465 - 432. Suppose f - 2*j - 3 = -0, -3*f = 2*j - z. Determine y(f).
2
Let g(z) be the first derivative of -z**3/3 + 5*z**2/2 + z - 17. Let t = -105 + 112. Suppose 2*h - t = 3. Give g(h).
1
Let y(l) = -5*l**2 - 36*l + 32. Let m be 424/1484 - (-116)/(-14). What is y(m)?
0
Let v(m) be the third derivative of m**6/120 - m**5/12 - m**4/3 - m**3/6 - m**2. Let n be 19 - ((450/24)/(-15) + 570/40). Determine v(n).
-13
Let t(w) be the third derivative of w**5/60 - w**4/4 - w**3/6 - 658*w**2. Give t(3).
-10
Let x(g) = 26*g + 9. Suppose -54*r + 20 = -5*w - 51*r, -5*w - 15 = -4*r. Let s(f) = 37*f + 14. Let k(l) = w*x(l) + 5*s(l). Calculate k(-5).
-8
Let v(d) = 295*d + 5*d**2 - 63 - 297*d + 43. What is v(6)?
148
Let a(y) = -y**2 - 13*y - 49. Let l(w) = w**3 - 24*w**2 + 100*w - 409. Let n be l(20). What is a(n)?
-13
Let m(u) be the first derivative of -u**3/3 + 3*u**2/2 + 4*u - 1. Suppose -5*t + 15 - 35 = -5*c, -3*c + 17 = 2*t. What is m(c)?
-6
Let g(t) = -t - 10. Let i(d) = 3*d**2 - 83*d - 9. Let p be i(0). Calculate g(p).
-1
Let a(p) = 17*p + 5. Let s be (-1)/(32/(-10) + 44 + -41). What is a(s)?
90
Let h(t) be the first derivative of -3 - 23/2*t**2 + t. Calculate h(-1).
24
Suppose 15 = 5*z, i + 2*i - 21 = -3*z. Let m(x) = 2862*x**2 - 8560*x**2 + 2854*x**2 + 2843*x**2 + 4 - 2*x. Calculate m(i).
-20
Suppose 203 = 4*z + 191. Let o(u) = 5 - 10 + 2*u**3 - u**z + u - 6*u**2 - 8*u. What is o(7)?
-5
Let v(u) be the first derivative of -u**2 - 37 - 1/3*u**3 - 1/4*u**4 + 0*u. Let w(k) = -k + 8. Let o be w(11). Determine v(o).
24
Let r(n) = 111174*n**2 - 8 - 2*n**3 - 111192*n**2 + 0*n**3. What is r(-9)?
-8
Suppose 3*i = -3*j + 492, -812 = -7*i + 2*i - j. Suppose 10*y = -17*y - i. Let t(n) = -3*n - 1. Calculate t(y).
17
Let w(o) = o**3 - 12*o**2 - 9*o - 11. Let n be w(13). Let t(i) = -76 + 31 + n - 5*i. Determine t(6).
-34
Suppose -96 = 5*d - 11. Let i(g) = -g**3 - 15*g**2 + 35*g + 16. What is i(d)?
-1
Let y(k) be the first derivative of -1/3*k**3 - 93 - 2*k**2 - 5*k. Let u = 5 - 10. Determine y(u).
-10
Let c(z) = 46*z**3 + 15*z**2 - 9*z + 3. Let w(b) = 14*b**3 + 5*b**2 - 3*b + 1. Let j(q) = 4*c(q) - 13*w(q). Let d = 2 + 1. Calculate j(d).
17
Let w be 3*-2*2/(-3). Suppose -w*i - 30 = -2. Let h(p) = -2*p - 41. Let g(d) = 5*d + 109. Let v(o) = 3*g(o) + 8*h(o). Determine v(i).
6
Let j(w) be the first derivative of w**3/3 + 10*w**2 + 3*w - 5060. Determine j(-19).
-16
Let i(h) = -3*h**3 - h**2 - 3. Let t(j) = -13*j**3 - 6*j**2 - j - 17. Let n(z) = 5*i(z) - t(z). Let w = 0 + 2. Calculate n(w).
-8
Let g(y) = 13 - 3 + 2*y - 11 + 6*y**2. Suppose 11*i - 127 = 10*i - 4*b, i - 137 = -2*b. Let d = -146 + i. Determine g(d).
7
Let w(v) = 2*v + 1. Suppose -2*u + 6 = 2. Let y(a) = -2*a + 1. Let f(t) = u*y(t) - w(t). Determine f(-3).
19
Let m(z) be the third derivative of -1/20*z**5 + 0 + 2/3*z**3 - 12*z + 5/24*z**4 - 1/120*z**6 - 5*z**2. Determine m(-4).
0
Let o(u) = u**3 + 5*u**2 - 2*u. Let z = -11 + 104. Let l = 116 - z. Suppose -a - 27 + l = 0. Determine o(a).
24
Let l(o) = 33*o + 9*o + 9*o - 56*o - o**2 + 2*o**2. Let b be 2*(-5)/(10/(-3)). Let i(w) = w + 4. Let s be i(b). Give l(s).
14
Let u = 155 + -161. Let o(k) = 5*k + 16. Let q(h) = 9*h + 31. Let c(a) = u*q(a) + 11*o(a). Suppose -s = -5*j - 7 + 2, 3*s = -5*j - 5. Give c(s).
-10
Let h(j) = j**2 + 5*j - 10. Suppose a - 102*v + 105*v - 6 = 0, -5*a = -3*v + 60. What is h(a)?
26
Let o(t) = t**3 - 4*t - 5*t**3 - 2*t + 29*t**2 + 2*t**3 - 25*t**2 + 5. Determine o(4).
-83
Suppose 2*g - 6 + 2 = 0. Suppose -i + g*d - 4 = 0, 6 = -i - 3*d - 3. Let v(x) = -29*x + x**2 + 7 + 18*x + 17*x. Calculate v(i).
7
Let i be (52/(-78))/(-2 + 64/30). Let x(h) = 17*h + 43. Determine x(i).
-42
Let i(j) = -j**3 - 14*j**2 + 4*j + 13. Suppose 87 = -6*d + c, 4*d - 3*c + 51 = d. Give i(d).
-43
Let l = -11813 + 11815. Let d(m) be the first derivative of 1/2*m**l - 7*m + 20. Determine d(-7).
-14
Let p be (-4)/(-14 + 22)*(1 - 3 - -34). Let r(x) = x + 32. Determine r(p).
16
Suppose 5*q = l + 36, 5*q + 4*l - 26 = 5. Let u be (-2 - (-17)/4)/(33/(-88)). Let b(v) = -1. Let t(c) = c - 19. Let h(j) = u*b(j) + t(j). What is h(q)?
-6
Let p(a) = 20*a + 53. Let r be p(14). Let m(z) = -1 + 2*z**3 + r*z**2 - 112*z**2 - 109*z**2 - 109*z**2. Determine m(-2).
-5
Let i(l) = l - 6. Let h be i(0). Suppose -2*f = -3*n + 1, 2*n - 3*n - 5*f - 28 = 0. Let g(d) = d - 1. Let u(s) = 4*s - 4. Let o(z) = n*g(z) + u(z). Give o(h).
-7
Let a(v) = -75*v + 219. Let t be ((-4365)/(-210) + -21)*-14. What is a(t)?
-6
Let k(h) be the second derivative of h**4/12 - h**3/2 - 2*h**2 + 6*h - 6. Let g be 1 - (2 + -2 + -1). Let q be 1/(-2*g)*-12. Give k(q).
-4
Let a(q) be the third derivative of -5*q**5/12 + 19*q**4/24 + 10*q**3/3 - 11043*q**2. Determine a(-1).
-24
Let n be (-10)/(-3) + (-108)/81. Let i(o) = 0*o + 91*o**n + 96*o**2 + 19*o + 13 - 189*o**2 + 0. Calculate i(10).
3
Let s be (-1)/(-1*(-4)/(-12)). Suppose -s*c + 29 = -4*l, 2 - 9 = c + 2*l. Let m be (0 + c)/((-21)/(-14)). Let t(q) = q**2 + 2. What is t(m)?
6
Let z(y) be the first derivative of -4*y**2 - 4*y + 6797. Let r = 5 - 3. What is z(r)?
-20
Let h(j) be the first derivative of j**4/8 + 2*j**3/3 + 92*j**2 + 64. Let d(m) be the second derivative of h(m). Determine d(-4).
-8
Let g(z) = -94 + 124 + 8*z - z**3 - 38 - 2*z**2. Give g(3).
-29
Let o be 0/6 - -13 - (-12)/(-4). Let r(j) = -1 + o*j - 10*j**3 + 4*j**3 - 9 + 7*j**3 + 11*j**2. Give r(-10).
-10
Let b(v) = -4502*v + 2251*v - 11 + 2261*v. Calculate b(0).
-11
Let b(f) be the first derivative of -3*f**4/4 + 118*f**3/3 - 19*f**2 - 7*f - 4054. What is b(39)?
32
Let s